u + 5084 - 16994 = 0. Suppose 3*q = -2*h - 334 + u, -h + 843 = -2*q. What is the greatest common factor of 17 and h?
17
Let h(x) = 2*x**3 - 21*x**2 + x - 25. Let i be h(11). Let q = i + -83. Calculate the highest common divisor of q and 48.
24
Suppose -2*c - 3*c = -335. Let a be c/7 - (24/14)/3. Suppose -a*z + 7 = -2*z. Calculate the greatest common factor of z and 17.
1
Let q be 3 - (0 - -3 - 0) - -5. Suppose k = q, -m - 3*k + 0*k + 60 = 0. Calculate the highest common factor of 5 and m.
5
Let b = -3153 - -8209. Calculate the highest common factor of b and 64.
64
Let s(j) = 94*j - 120. Let n be s(1). Let w = 11 + -34. Let l = w - n. What is the highest common divisor of l and 15?
3
Let l = -8934 - -9003. What is the highest common factor of l and 1081?
23
Let f = -142 - -132. Let c be 90/(-50)*f/6. What is the greatest common divisor of c and 174?
3
Let x be (-1 - -2)/(-2)*(59 + -57). Let c(t) = -63*t**3 + 12*t + 12. Let b be c(x). Calculate the greatest common divisor of 18 and b.
9
Let f be (2/5)/(7/210). Suppose i - 65*r + 69*r - 24 = 0, 2*i = -3*r + 33. Calculate the highest common factor of f and i.
12
Let d be 10/((-88)/(-33)*3/28). What is the greatest common divisor of 6055 and d?
35
Suppose 20500*i - 468 = 20487*i. Calculate the highest common divisor of 183 and i.
3
Suppose -5*s - 2*n = -1064, 4*s - 502 - 348 = -n. Let p be 22/((-176)/30)*s/(-3). What is the greatest common factor of p and 53?
53
Suppose -v = -0 - 11. Let m = 25 + -196. Let p = m - -182. What is the highest common factor of v and p?
11
Suppose 4*x - 3*k - 827 = 0, -k + 401 = 9*x - 7*x. Calculate the greatest common factor of 14 and x.
7
Let t(x) = -298*x - 1786. Let n be t(-6). Calculate the highest common factor of 245 and n.
1
Let o = -14 + 48. Let p(x) be the third derivative of -29*x**4/24 - 2*x**3/3 - 8*x**2. Let d be p(-6). Calculate the highest common factor of d and o.
34
Let f(u) = -u**3 + 8*u**2 + 10*u - 12. Let h(r) = -r**2 - 2*r - 1. Let i(y) = f(y) + 2*h(y). Let s be i(6). Calculate the highest common divisor of s and 66.
22
Let q(n) = -43*n + 100. Let y be q(2). Calculate the highest common divisor of y and 427.
7
Let o be (-17)/(-5)*-5 - -11539. What is the highest common divisor of 14 and o?
14
Let z(m) = -5*m + 8. Let l(p) be the first derivative of -p**2/2 - 19*p + 21. Let x be l(-8). Let a be z(x). Calculate the highest common factor of a and 42.
21
Let y(p) = 7*p**3 + 4*p - 3. Let u(q) = q - 4. Let c be u(7). Let i be y(c). Suppose 0 = -w - 7 + 25. Calculate the greatest common factor of i and w.
18
Let h(o) = 69*o**2 - 172*o + 2. Let t be h(-1). What is the greatest common factor of 54 and t?
27
Let q(k) = 2*k**2 + 47*k + 34. Let u be q(-23). Suppose -4*h - 192 = -3*a, u*a - 6*a = 5*h + 325. Calculate the greatest common factor of 544 and a.
68
Suppose 0 = 1828*f - 1889*f + 339282. What is the greatest common divisor of 206 and f?
206
Let s(x) = -x**2 + 4*x - 1. Let k be s(3). Let w be ((-63)/36)/(k/(-112)). What is the highest common divisor of w and 14?
14
Suppose 14*k - 2017 = -365. What is the highest common factor of k and 2?
2
Suppose -4*y = -8, -2*j + 13 = 3*y - 9. Suppose -9 = -84*i + 82*i - k, 0 = i + k - 5. Calculate the greatest common factor of j and i.
4
Let g(r) = 3*r + 15. Let v be g(-2). Suppose 5*b - v*b + 784 = 0. What is the greatest common divisor of b and 84?
28
Suppose -4*v = 55 - 351. Let b(d) = -89*d**2 + 984*d + 22. Let l be b(10). What is the greatest common divisor of l and v?
74
Let j be ((-1)/3)/(1/(-111)). Let m = j + -17. Let r be (-48)/60 + 48/10. What is the highest common divisor of m and r?
4
Let y be (-812 + 7)/((-27)/27). Calculate the highest common factor of 483 and y.
161
Let t be (9/(-24) - 55/(-40))*88. Suppose 3013*j - 3007*j - 462 = 0. What is the greatest common factor of j and t?
11
Let s(r) = -r**3 + 8*r**2 - 8*r - 25. Let t be s(-2). Calculate the greatest common divisor of t and 30101.
31
Suppose 53 = 30*c - 217. Let p(b) = b**2 - 9 - 9*b + 10*b + 0*b**2. Let s be p(-9). Calculate the greatest common divisor of c and s.
9
Let k = 344 - 190. Let n = k + -64. Suppose -156 - 69 = -5*r. Calculate the greatest common factor of n and r.
45
Let r(o) = -o**2 - 4*o - 11. Let g be r(-11). Let d = 20 + g. Let f = d - -76. Calculate the greatest common divisor of f and 72.
8
Let h = -44 - -86. Suppose -15*p - h = -18*p. What is the greatest common divisor of 294 and p?
14
Let q = -38 + 40. Let m(y) = y**2 + 2. Let n(h) = 5*h**2 + 6*h - 11. Let r(s) = 2*m(s) + n(s). Let w be r(q). Calculate the highest common divisor of w and 11.
11
Let j(p) = -p**2 - 49*p - 169. Let n be j(-8). Calculate the highest common divisor of n and 424.
53
Suppose 2*i + 5*f = 45, 4*i - f - 2*f - 25 = 0. Suppose -7*w + 501 = 11. Calculate the highest common factor of w and i.
10
Suppose 25 = 5*c - 6*c. Let b = c - -32. Let j be ((-6)/(-7))/(32/56)*42. What is the greatest common divisor of j and b?
7
Let i = -159 + 271. Let q(s) = -2*s**3 - 49*s**2 - 172*s + 167. Let m be q(-20). Calculate the highest common factor of i and m.
7
Let n = -30 + 58. Suppose -4*y + 2*y + 36 = -5*o, -3*y + n = -o. Let c = 2179 - 2123. What is the greatest common divisor of y and c?
8
Let i be (9/(-18))/((-2)/(-44)). Let g = i - 10. Let x = g - -29. Calculate the highest common divisor of 4 and x.
4
Let y be 2 - 16/10 - 29888/(-80). Let c(p) = -p**3 + 8*p**2 - 4*p + 1. Let q be c(7). What is the greatest common factor of y and q?
22
Suppose 4*g - g = 9. Suppose 0 = -g*j + 9, 2*c - 9 = -c - j. Suppose 0 = t - 4*y - 27 + 2, 3*t = -c*y + 19. Calculate the highest common divisor of 45 and t.
9
Let j(s) be the third derivative of -7*s**4/24 + 23*s**3/3 + 2*s**2 + 2. Let k be j(5). Calculate the highest common divisor of 44 and k.
11
Let y(o) = -446*o + 3612. Let k be y(8). Suppose 3*j + 19 - 415 = 0. Calculate the greatest common divisor of j and k.
44
Let l(v) = -2*v**3 + 23*v**2 - 6*v - 4. Let j be l(9). Let w = j + -317. Suppose -5*d = -52 - 23. What is the highest common factor of d and w?
15
Let c be (-13 - 377/(-26))/((-1)/2). Let m be c/(2 - (-365)/(-180)). What is the greatest common divisor of m and 90?
18
Suppose 5*t - 1880 = c, 4*c - 9*t + 7545 = -14*t. Let n be 10/3*(-29)/(c/6396). What is the highest common divisor of n and 8?
8
Let k be (-5)/((-2 - -3)*-1). Suppose 69 = 2*c + 5*f, -43*c - 27 = -44*c - k*f. What is the highest common divisor of c and 462?
42
Let g = 301 - 272. Let h = 275 + g. Calculate the greatest common divisor of 16 and h.
16
Suppose 3*b = -6*b - 2*b + 1870. What is the highest common divisor of 476 and b?
34
Suppose -2565 + 2727 = 9*u. What is the highest common divisor of 2151 and u?
9
Let o(j) = 115*j - 610. Let s be o(6). Calculate the highest common factor of 16 and s.
16
Let f(v) = 225*v - 216. Let u be f(1). What is the highest common factor of 4203 and u?
9
Let a be (-238)/(-21)*6/4. Let b = -168 - -176. Let q(s) = s**3 - 9*s**2 + 18*s + 5. Let o be q(b). What is the highest common divisor of o and a?
17
Let r(s) = 41*s**2 + 1. Let j be r(1). Suppose -13 = -19*y + 25. Suppose 7 = -y*d + 35. Calculate the highest common divisor of j and d.
14
Suppose -5*y - 5*w + 1075 = 0, -y - 835 = -5*y + w. Suppose -132 = 450*p - 456*p. Suppose p*k = 27*k - 70. Calculate the greatest common factor of y and k.
14
Let u = -607 + 741. Suppose -34 = -6*p + u. Suppose 3*m - 147 = 777. What is the greatest common divisor of p and m?
28
Let z be -7 + (-1)/5*(40 - 35) + 104. What is the highest common divisor of 31776 and z?
96
Let q(w) = 2165*w - 14927. Let v be q(7). Let z be 16*(6/(-4))/(-1). What is the greatest common factor of v and z?
12
Suppose h + 2*k - 1112 = 0, -3*h + 2*h + k = -1124. What is the greatest common factor of 245 and h?
35
Let m = -60 + 170. Suppose -3*p + m = 32. What is the highest common divisor of 91 and p?
13
Suppose 2*b + 65*w - 3904 = 69*w, 9708 = 5*b + 3*w. Calculate the highest common divisor of b and 72.
72
Let r(c) = -c**3 + 8*c**2 - 3*c. Let i be r(4). Suppose 9*n = 3*y + 8*n - 20, -3*y + 2*n + 16 = 0. Calculate the highest common factor of y and i.
4
Let l = -7904 + 7908. Let x be ((-3)/(-2))/((-9)/(-120)). Calculate the highest common divisor of l and x.
4
Suppose -12*q = -27*q + 1248 - 168. What is th